h be z(-3). Let t = -45 + 55. Suppose 35 - t = h*a. What is the units digit of a?
5
Let x(o) be the second derivative of -o**4/6 + 7*o**3/6 - 3*o**2 - o. Let l be x(4). What is the units digit of l/15*-2*6?
8
Let t(c) = 3*c**2 + 2*c + 3. Let v be t(3). What is the tens digit of (-6)/v + 163/6?
2
Let u(j) = -j**3 + 10*j**2 + 15*j - 1. What is the tens digit of u(8)?
4
Let w(k) = 6*k - 5. What is the tens digit of w(6)?
3
Let l(o) = 74*o**3 + 3*o - 2. What is the tens digit of l(1)?
7
Suppose 137 = 3*x - 73. What is the units digit of x?
0
What is the units digit of 0 + 94 + (-4 - -1)?
1
Let u(d) = -5*d + 16. What is the units digit of u(-7)?
1
Let v(u) = -3*u - 9. Let q be v(-7). Let d = 6 - q. What is the units digit of (d/4)/(3/(-16))?
8
Suppose 0 = 3*h - 7*h + 4*x - 8, -3*x + 2 = -5*h. Suppose 6 = -4*v + h*k - 0, -5*v + 3*k - 6 = 0. Let q = v + 4. What is the units digit of q?
1
Let p be (-4)/(-26) + (-56)/26. What is the tens digit of p/(-13) - (-4664)/104?
4
Let g = 123 - 67. What is the tens digit of g?
5
Let d = 7 + -6. Let g be 1 + 1 + (d - -2). Let v = 6 - g. What is the units digit of v?
1
Suppose -448 = -13*t + 6*t. What is the units digit of t?
4
Let y(z) = z**3 + 3*z**2 - 4*z + 3. Let b = -15 - -11. What is the units digit of y(b)?
3
Suppose -d - 5*k + 7 = -0*k, k = 4*d - 28. What is the units digit of d?
7
What is the tens digit of (4 - 12)/2*82/(-8)?
4
Let r be 8/4 - 1 - 1. Suppose 2*g - 3*g + 12 = r. What is the units digit of g?
2
Suppose 2*w = -1 + 5. Let x be 6 - 6/w - -1. Suppose -x*b + 66 + 6 = 0. What is the tens digit of b?
1
Suppose 2*h - 160 = -m, -h + 0*m - 3*m = -70. What is the tens digit of h?
8
Suppose -s + 16 = -0. What is the units digit of s?
6
Suppose 1175 = 9*k - 1435. What is the tens digit of k?
9
Let p be 4/((-6)/(1 + -4)). Suppose -6 = -p*o - g - 0*g, 0 = o - 4*g + 6. What is the units digit of o?
2
What is the units digit of ((-63)/28)/(6/(-112))?
2
Let f(a) = -a - 1. Let q be f(0). Let i(b) = -18*b**3 + 2*b**2 + b. What is the units digit of i(q)?
9
Let h = -2 - -2. Suppose -t - 5*p + 40 = 4*t, h = -4*t - 2*p + 28. Suppose -t + 2 = -y. What is the units digit of y?
4
Suppose 2 = w - 2. Suppose -w*j - 5*d = -d - 236, 159 = 3*j - 3*d. Suppose 4*l - j = m, 0*l + 2*m = -l + 14. What is the tens digit of l?
1
Suppose -s = -12 - 10. What is the tens digit of s?
2
Let s be (-2 - 1)/(0 - 1). Suppose 5*m = -s*w + 63, -4*m = 2*w + w - 48. What is the tens digit of m?
1
Suppose -4*o + 67 = 23. Let b be (-2)/(-11) + (-79)/o. Let k = b - -21. What is the units digit of k?
4
Suppose 4*v - 5*j - 6 + 31 = 0, -4*j = -2*v - 20. Suppose 6 = -4*q - 2*c, 0 = -2*q - v*c + 5*c - 9. What is the units digit of 0/2 - (1 + q)?
1
Suppose 59 = 5*y + 2*k, 2*y - 4*k + 0*k - 38 = 0. What is the units digit of y?
3
Suppose -t = 6*t - 77. What is the tens digit of t?
1
Let b = -19 + 35. What is the tens digit of b?
1
Let l(x) = -x - 3. Let o(v) = -v - 6. Let d(t) = -5*l(t) + 3*o(t). What is the units digit of d(8)?
3
What is the units digit of ((-32)/12 - 2)*-12?
6
Let v(s) = -s**2 + 24*s + 19. What is the tens digit of v(13)?
6
Let s = 3 - 3. Suppose 5*h + 2*u - 7 = 0, s = -h - h + u + 10. What is the units digit of (h/6 - -1)*6?
9
Let v = -3 + -41. What is the units digit of (8/(-4) - v) + -3?
9
Suppose 0 = 3*a - 6 - 15. Suppose -2*x = -a - 23. What is the units digit of x?
5
Let z be (-4)/(-14) + (-2)/7. Let f be 2/4 + (-153)/(-6). Suppose j + j - f = z. What is the tens digit of j?
1
Suppose 0 = -4*g + 393 + 3. What is the tens digit of g?
9
Let i(b) = -b**2 + 8*b + 3. What is the units digit of i(7)?
0
Let c(f) = f + 15. Let o be c(-7). Suppose -t = 3*t - o. What is the units digit of t?
2
Suppose 0 = l - 3*t - 4 - 6, -2*t + 15 = -5*l. Let m(n) = -2*n. Let w be m(-5). Let z = w + l. What is the units digit of z?
5
Let y = 334 - 227. What is the hundreds digit of y?
1
Suppose 7*j - 3*j = 20. What is the units digit of j?
5
Suppose 3*t - 8 = -3*c + t, -3*c + 7 = t. Suppose 0 = -3*w - 4*j + 111, -w - 171 = -6*w - c*j. What is the tens digit of w?
3
Suppose 0 = -p - 2*p. Suppose 5*d - 18 + 3 = p. What is the units digit of d?
3
Let s = 4 - 3. Let g be s/(1/(-4)) - -1. Let f = g - -5. What is the units digit of f?
2
Let g(n) be the third derivative of -n**5/60 + n**4/4 - 5*n**3/6 + n**2. What is the units digit of g(4)?
3
Let k(t) = 3 - 5 + 5 + 0 + 3*t + 2*t**2. Let v be k(-3). Suppose -2*q + v = q. What is the units digit of q?
4
Suppose 8*d = 3*n + 4*d - 102, 0 = -2*n + 4*d + 64. Suppose 4*u - n = 106. What is the tens digit of u?
3
What is the units digit of 354/8 - (-2)/(-8)?
4
Let c be (-2)/4 - (-9)/2. Suppose 52 = 2*d - c*t, -5*t = -6*d + d + 105. What is the tens digit of d?
1
Let c(r) = -7*r**3 - 13*r**2 + 4*r - 7. Let q(k) = -3*k**3 - 6*k**2 + 2*k - 4. Let w = -13 - -18. Let s(n) = w*q(n) - 2*c(n). What is the units digit of s(-5)?
9
Suppose 0 = -3*r - 2*r + 755. What is the hundreds digit of r?
1
Suppose 4*o - 3*o = 56. What is the units digit of ((-2)/2)/((-8)/o)?
7
Suppose -3*s + 54 = -5*u - 30, 0 = 2*s + 4*u - 34. Let r = s + -11. What is the units digit of r?
2
Let q(j) = j**2 + j + 2. Let x = -3 + 3. Let t be q(x). Suppose -20 = -3*a - t. What is the units digit of a?
6
Let d = -85 + 129. What is the units digit of d?
4
Suppose 5*z - 15 = y, y - 3*z + 11 = z. What is the units digit of y?
5
Suppose 0 = -5*a - 6 - 89. Let n = 28 + a. Suppose 4*z - n*z + 25 = 0. What is the units digit of z?
5
Let y(l) = l**2 - 6*l - 8. Let w be y(7). Let c = 3 + w. Suppose -7 - 9 = -c*p. What is the units digit of p?
8
Suppose -39 = -3*n - 0*n. What is the tens digit of n?
1
Let r = 1 + -1. Suppose -m - 2*m + 15 = r. Suppose 4 = m*p - 6. What is the units digit of p?
2
Let y = -13 - -16. Suppose y*a = i + 1, -3*a - 2*a = i - 7. What is the units digit of i?
2
Let w(t) = t**2 + 7*t + 3. Let s be w(-6). What is the units digit of s + 0 - (1 - 9)?
5
Let r be 135/(-12) + (-1)/(-4). Let g = r - -16. Suppose 33 = 4*x + g. What is the units digit of x?
7
Suppose -135 = -5*a + 150. What is the tens digit of a?
5
Let r(t) = -t**3 - 6*t**2 - 4*t + 1. Let s be r(-5). Let f(h) = -h**2 - 5*h - 3. What is the units digit of f(s)?
1
Suppose 0 = -4*m + 11 - 3. Suppose m*a - 83 = 5*o, -4*a = -2*a + 5*o - 33. What is the units digit of a?
9
Let t = -21 - -7. Let l = t + 27. Suppose 0 = -4*d + 5*m - l, -6*m = -3*m - 15. What is the units digit of d?
3
Let r be (4/2)/((-20)/70). Let h = 19 + r. What is the units digit of h?
2
Let u = 316 - 220. What is the units digit of u?
6
Suppose -22 - 6 = 4*x. Let r = -5 - x. Let i(j) = j. What is the units digit of i(r)?
2
Let i be ((-9)/(-5) + -1)*-5. Let j be (-2 - (i + 1))*-3. Let r = j + 5. What is the units digit of r?
2
Suppose 4*h - 172 = -4*s, -s - 4*s = 4*h - 175. What is the units digit of h?
0
Let w = -21 + 39. Suppose 48 = -4*i - 4*v, -i - v = 2*v + w. What is the units digit of 1*6*(-6)/i?
4
Suppose -a - 16 = 3*a, -a = -2*u + 300. What is the units digit of u?
8
Let b = 7 - 5. Suppose n = -5*w + b*n + 37, -55 = -5*w - 5*n. What is the units digit of w?
8
Let g(b) = b**3 - 6*b**2 - 6*b + 6. Let u be g(6). Let p be (-5)/(-2)*6/5. What is the units digit of u/(-9) - 1/p?
3
Let v(a) = -a - 7. Let u be v(-13). Suppose -p + u*p = 85. What is the tens digit of p?
1
Suppose 8*c - 4*c + 4*n = 0, -c = 3*n + 6. Suppose -10 = -c*r + r. Suppose v - 3 = -3*q + 7, 0 = -r*v + 4*q + 12. What is the units digit of v?
4
Let c(h) = h**3 + h**2 - 4*h - 4. Let o be c(-2). Suppose 0 = 2*r - k - o - 4, -5*k + 10 = 0. What is the units digit of r?
3
Let k(m) = -4*m**2 + m. Let h(d) = d**2. Let b(p) = 2*h(p) - k(p). What is the units digit of b(1)?
5
Suppose -4*h = -3*v - 3*h + 34, -v - h + 14 = 0. Suppose -3*s + 6*s = v. What is the units digit of s?
4
Suppose 0 = -5*n + 37 + 28. What is the tens digit of n?
1
Let q(s) = 2 - 2 - 2 + 6*s + 1. What is the units digit of q(1)?
5
Suppose 2*m = -4*r + 10, 4*m + r = 6*m + 10. Let q(k) = k - 6. Let n be q(4). Let f = n - m. What is the units digit of f?
1
Suppose 10 = 2*i - 278. What is the units digit of i?
4
Let b = -207 + 300. Suppose -b = -4*j + 7. What is the units digit of j?
5
Suppose 6*t = c + 2*t - 414, 5*c = -5*t + 2195. What is the units digit of c?
4
Let m(a) = a + 7. Let 